1. What are the prime factors of r(h)?
5, 7
What are the prime factors of 1/((-6)/(-268))*315/30?
7, 67
Let b = 207 - -743. What are the prime factors of b?
2, 5, 19
Let k(v) = 186*v + 246. List the prime factors of k(6).
2, 3, 227
Suppose 5*d = -2*y + 885, -y + d - 1815 = -5*y. List the prime factors of y.
5, 7, 13
Let k(o) = -o**2 - 2*o + 140. Let b be k(0). Let c = b + -41. List the prime factors of c.
3, 11
Let z be -6 + 2 - 2*(-9)/3. Suppose 0 = z*r - 4*l - 58 - 350, 192 = r + 4*l. List the prime factors of r.
2, 5
What are the prime factors of 1872/28*336/72?
2, 3, 13
Let h be (2/6)/((-11)/33) + -6. List the prime factors of (-536)/(-7) + (-1)/(h/(-4)).
2, 19
List the prime factors of -24*((-7033)/52 + 2).
2, 3, 13, 41
Let c = -66 - -169. What are the prime factors of c?
103
Let k(s) = s**3 + 29*s**2 - 32*s - 45. Let a be k(-30). Suppose -a*w + 276 = -13*w. List the prime factors of w.
2, 3, 23
Suppose -2*v + 543 = v. Suppose -2*h - v + 541 = 0. What are the prime factors of h?
2, 3, 5
Let l be (15/(-30))/((-1)/36). Let f(i) = i**3 - 18*i**2 + 5*i - 14. What are the prime factors of f(l)?
2, 19
Let m be 2/6 - 88/(-24). What are the prime factors of (-609)/14*m/(-3)?
2, 29
Suppose -40 = -t + 5*t - 3*q, 0 = 2*t - 3*q + 14. Let u = -11 - t. What are the prime factors of -45*4/(-24)*u?
3, 5
Let n be (-2)/3 + (-357)/(-9). Let k be 1/3 - (-2366)/n. Let l = k + -41. What are the prime factors of l?
2, 5
Let d = 70 + 96. List the prime factors of d.
2, 83
Suppose 0 = -4*f - c + 154, 2*f + 76 = 4*f + c. Suppose r + 0*q - 31 = q, 0 = 5*r + 3*q - 195. Suppose -f = -5*h + r. List the prime factors of h.
3, 5
Let t = -5 - -10. Suppose -t*x + 0*x + 90 = 0. List the prime factors of 3*-3*(-50)/x.
5
Suppose 55357 + 5210 = 13*u. List the prime factors of u.
3, 1553
Suppose -4*u - 52 = -8*u. Suppose u = 14*l - 1191. List the prime factors of l.
2, 43
What are the prime factors of (4/5)/((-13)/(224055/(-18)))?
2, 383
Let x(g) = -2*g**2 - g - 1. Let a = 4 - 5. Let c be x(a). Let u(l) = -6*l - 1. List the prime factors of u(c).
11
Let y = -13 + 18. Suppose 4*a = a - 4*h + 8, -y*a + 18 = 2*h. List the prime factors of 22 - (a - 2) - -1.
3, 7
Suppose 4*x - 12 = 2*x. Suppose 0*o = 3*o - 36. Let v = x + o. List the prime factors of v.
2, 3
Let o = 21 - 32. What are the prime factors of (-42)/o + (-34)/(-187)?
2
Suppose -2*a + 0*a - 180 = -f, 5*f - 887 = -3*a. What are the prime factors of f?
2, 89
Suppose 2*b = -b - 5*j + 25, 5*b = j + 23. Let k be b*(24/15 + 4). What are the prime factors of -2*(k/(-1) + -2)?
2, 3, 5
Let g be (-4 + 8/3)/(2/(-291)). What are the prime factors of g/5*65/13?
2, 97
Suppose -2*l + 35 = -l. Suppose -2*q + q + l = i, -5*i + 177 = 4*q. List the prime factors of i.
37
Let k(f) = f**2 + 5*f - 1. Let n(m) = -m - 14. Let d be n(-8). Let y be k(d). Suppose -w - y*g + 10 = 0, 3*w - 2*g = -0*w + 30. List the prime factors of w.
2, 5
Let g = 6 + -15. Let p = g - -25. What are the prime factors of (-1)/(p/(-12))*28?
3, 7
Suppose 543*x = 539*x + 1544. What are the prime factors of x?
2, 193
Let t(m) = 527*m**3 + m**2 - 4*m + 2. List the prime factors of t(1).
2, 263
Suppose 3*v - 7*v + 4384 = 0. Suppose -194 = -5*n + v. What are the prime factors of n?
2, 3, 43
Let h be 34/5 + 32/(-40). Suppose h = 3*o - 24. What are the prime factors of o?
2, 5
Let y = -10 + 12. Suppose 3*j - 20 = -y*j. Suppose j*l - 38 = 34. What are the prime factors of l?
2, 3
Suppose -207 = 5*t - i, 0*t - 183 = 4*t + 5*i. Let m = -25 - t. What are the prime factors of m?
17
Suppose 2*v = 2*a + 8, -3*v + 8*v + 4*a = 2. Suppose d + 2*n - 7 = 0, -2*d + 3*n = v*d + 5. Let j(w) = 61*w - 2. What are the prime factors of j(d)?
59
Suppose -8490 = 163*y - 168*y. List the prime factors of y.
2, 3, 283
Suppose q + 5*z = 89 + 74, 0 = 3*z. List the prime factors of q.
163
Suppose -163*p = -176*p + 24934. What are the prime factors of p?
2, 7, 137
Let n(p) = -p**2 - 10*p - 14. Let o = -3 + 5. Suppose -2*d + o - 16 = 0. What are the prime factors of n(d)?
7
Let f(t) = t - 4. Let l be f(8). Suppose o + 13 = -3*d, d - 2 = -l*o - 98. Let q = o - -29. What are the prime factors of q?
2
Let k(y) be the third derivative of y**6/120 + y**5/12 + y**4/12 + y**3/6 - 3*y**2. What are the prime factors of k(-3)?
13
Suppose 5*i = 12 + 13. Suppose 3*c = i*d - 3, c + 6 + 5 = 5*d. Suppose 0 = -c*r - 5*l, -4*r = 5*l - 2*l - 8. What are the prime factors of r?
5
Let m = -1339 + 3704. List the prime factors of m.
5, 11, 43
Let z = 13 + 43. Suppose -4*f - z = -t, -3*f - 150 = -3*t - 0*f. Suppose t*b - 44*b = 96. What are the prime factors of b?
2, 3
Let y(f) = 2*f. Let p = 18 + -18. Let d be y(p). Suppose 3*b + 2*t = -2*t + 23, d = 3*t + 3. What are the prime factors of b?
3
Suppose -i = -0*i - 2. Suppose -m + 108 + 53 = 5*g, 4*g - i*m - 140 = 0. Let n = -23 + g. List the prime factors of n.
2, 5
Suppose -q + l = 4*l - 13, 3 = -q + 5*l. Suppose 0 = -7*d + 77 - q. What are the prime factors of d?
2, 5
Suppose 2*y = 4*y - 3*s - 23, 2*s = -5*y + 10. Suppose -y*q + 130 = q. List the prime factors of q.
2, 13
Suppose 3*k - 23*k = -4540. List the prime factors of k.
227
Let v = -118 + 82. Let o = -28 - v. What are the prime factors of o?
2
Let h = -6509 - -10753. What are the prime factors of h?
2, 1061
Let d = 153 - -17. Suppose -x - d = -6*x. Let h = x - 13. List the prime factors of h.
3, 7
Suppose l = 3*h + 43 - 9, 2 = -h. Suppose f - 19 = l. List the prime factors of f.
47
What are the prime factors of (-1)/1 - (-19120)/80?
2, 7, 17
Let c(x) = x**2 - 3*x - 6. Let h(g) = -3*g + 22. Let f be h(9). List the prime factors of c(f).
2, 17
Let y = 34 + -51. Let n = 28 + -59. Let q = y - n. List the prime factors of q.
2, 7
Suppose -18*l + 5641 = 187. What are the prime factors of l?
3, 101
Suppose -3*l + l + 10 = 2*r, 4*r = -3*l + 15. Suppose -145 = -5*z - r*z. List the prime factors of z.
29
Let g(h) = h**3 - 2*h**2 - h - 25. Let r be g(0). Let v = -15 - r. List the prime factors of v.
2, 5
Suppose 4*p = 14*p - 100. What are the prime factors of ((-12)/p)/((-39)/2080)?
2
Suppose 1375*h = 1380*h - 19780. What are the prime factors of h?
2, 23, 43
Let k(g) be the first derivative of -6*g**2 - 14*g + 3*g**3 + 5 + 1/4*g**4. What are the prime factors of k(-10)?
2, 3
Suppose n + 0*n - 30 = 0. Suppose 40 = 3*j + 82. Let o = n + j. What are the prime factors of o?
2
Let f be (6/8)/((-8)/(-448)). List the prime factors of ((-9)/(-4))/(f/112).
2, 3
Let w(y) = 24*y**2 + 23*y + 112. List the prime factors of w(-6).
2, 419
Let n(v) = v**2 - 2*v - 3. Let q be n(3). Suppose q*s - 14 = -2*s. What are the prime factors of ((-6)/s)/((-5)/70)?
2, 3
Suppose k - 5*k = -20. Suppose k*u - 141 = g, -3*u + 4*u + 2*g = 37. Suppose -2*l - u = -93. List the prime factors of l.
2
Suppose -84*g = -86*g + 4*m + 11518, -m - 17282 = -3*g. List the prime factors of g.
7, 823
Let b(l) = 7 + 7*l + 21*l + 11*l - 5. Suppose 0 = 3*c - g - 1 - 3, 0 = 5*c - 2*g - 7. What are the prime factors of b(c)?
41
Let g(a) = 65*a + 65. Let b(i) = 5*i + 5. Let d = 35 - 75. Let h(l) = d*b(l) + 3*g(l). List the prime factors of h(-7).
2, 3, 5
Let j be (-12)/(-8)*8/6. Let n = -7 - -10. Suppose h - 42 = -n*h + 2*t, -15 = -h + j*t. What are the prime factors of h?
3
Let c be (-64)/10 + (-24)/(-60). What are the prime factors of (0 + 366/(-12))*c?
3, 61
Let r be (-120)/(-28) - (-4)/(-14). Suppose -o + 5*o + r = 0. Let y(d) = -17*d**3 + 2*d**2 - 1. List the prime factors of y(o).
2, 3
Let s be 426/21 - (-2)/(-7). Let v(q) = -q**3 + 23*q**2 + 2. Let m be v(23). Suppose -m*a + s = 2*a. List the prime factors of a.
5
Let i(l) = -l**3 + 14*l**2 + l - 12. Suppose 3*o = 35 + 7. Let u be i(o). Suppose -12 = 4*m - 0, -u*w + 106 = -2*m. List the prime factors of w.
2, 5
Suppose 6*w = -133 - 821. Let c = 292 + w. What are the prime factors of c?
7, 19
Suppose 448756 = 30*d + 64*d. What are the prime factors of d?
2, 7, 11, 31
Let s(k) = k + 99 + 8*k**3 - 6*k**3 + k. What are the prime factors of s(0)?
3, 11
What are the prime factors of 3 + 374/(-68)*(-1 - 217)?
2, 601
Let k = -39 - -21. Suppose 3*x - m - 12 = m, -16 = -2*x + 4*m. What are the prime factors of (-462)/k - x/(-6)?
2, 13
Let r(q) = 41*q - 7. Let l(y) = 21*y - 4. Let z = -12 + 19. Let b(o) = z*l(o) - 4*r(o). What 